{"id":79,"date":"2020-06-08T11:32:58","date_gmt":"2020-06-08T11:32:58","guid":{"rendered":"https:\/\/www.catharinaantonson.se\/?page_id=79"},"modified":"2024-05-07T18:30:56","modified_gmt":"2024-05-07T18:30:56","slug":"svartavinbar-rabarber","status":"publish","type":"page","link":"https:\/\/www.catharinaantonson.se\/?page_id=79","title":{"rendered":"Skogsbad Shinrin Yoku"},"content":{"rendered":"\n<figure class=\"wp-block-image size-full is-resized is-style-rounded\"><img loading=\"lazy\" decoding=\"async\" width=\"1920\" height=\"2560\" src=\"https:\/\/www.catharinaantonson.se\/wp-content\/uploads\/2024\/04\/DSC_0727-01-Foto-Pia-Edfors-scaled.jpeg\" alt=\"\" class=\"wp-image-1196\" style=\"width:380px;height:auto\" srcset=\"https:\/\/www.catharinaantonson.se\/wp-content\/uploads\/2024\/04\/DSC_0727-01-Foto-Pia-Edfors-scaled.jpeg 1920w, https:\/\/www.catharinaantonson.se\/wp-content\/uploads\/2024\/04\/DSC_0727-01-Foto-Pia-Edfors-225x300.jpeg 225w, https:\/\/www.catharinaantonson.se\/wp-content\/uploads\/2024\/04\/DSC_0727-01-Foto-Pia-Edfors-768x1024.jpeg 768w, https:\/\/www.catharinaantonson.se\/wp-content\/uploads\/2024\/04\/DSC_0727-01-Foto-Pia-Edfors-1152x1536.jpeg 1152w, https:\/\/www.catharinaantonson.se\/wp-content\/uploads\/2024\/04\/DSC_0727-01-Foto-Pia-Edfors-1536x2048.jpeg 1536w\" sizes=\"auto, (max-width: 1920px) 100vw, 1920px\" \/><figcaption class=\"wp-element-caption\">                    Foto: Pia Edfors\/Fotograf<\/figcaption><\/figure>\n\n\n\n<p>#Shinrinyoku #Certifieradskogsbadsguide #forestbathing<\/p>\n\n\n\n<p><strong>Skogsbad<\/strong><br>Ordet skogsbad \u00e4r en direkt\u00f6vers\u00e4ttning av den japanska termen Shinrin-Yoku (\u68ee\u6797\u6d74) som betyder att \u201dta in skogsatmosf\u00e4ren med alla sinnen\u201d eller bokstavligen att \u201dskogsbada\u201d. Skogsbad \u00e4r en kombination av mycket l\u00e5ngsam vandring p\u00e5 mjuka stigar i park eller skog, med aktiviteter som kan \u00f6ppna v\u00e5ra sinnen f\u00f6r att uppleva kontakten med naturen p\u00e5 ett nytt vis.<\/p>\n\n\n\n<p><strong>Vad \u00e4r Skogsbad?<\/strong><\/p>\n\n\n\n<p>Artikel i HR Nytt <\/p>\n\n\n\n<p><strong>l\u00e4nk<\/strong> <a href=\"https:\/\/hrnytt.se\/aktuellt\/sank-din-stressniva-upp-till-60-med-nya-trenden-borja-skogsbada\/\">https:\/\/hrnytt.se\/aktuellt\/sank-din-stressniva-upp-till-60-med-nya-trenden-borja-skogsbada\/<\/a><\/p>\n\n\n\n<p>K\u00e4lla: HR Nytt<\/p>\n\n\n\n<p>TV Inslag &#8211; K\u00e4lla: SVT<\/p>\n\n\n\n<p><a href=\"https:\/\/www.svtplay.se\/video\/32518255\/vetenskapens-varld-slaget-om-skogen\/slaget-om-skogen-framtidens-skog?fbclid=IwAR2oudpZzRq2w96ssZnnBEHXtB2WCFH0_ayDguNJcp0LmDkJyoA4qnh1vFQ\">https:\/\/www.svtplay.se\/video\/32518255\/vetenskapens-varld-slaget-om-skogen\/slaget-om-skogen-framtidens-skog?fbclid=IwAR2oudpZzRq2w96ssZnnBEHXtB2WCFH0_ayDguNJcp0LmDkJyoA4qnh1vFQ<\/a><\/p>\n\n\n\n<h3 class=\"wp-block-heading\">Bakgrund<\/h3>\n\n\n\n<p>Shinrin-Yoku har sitt ursprung i Japan. Det var n\u00e4r den stressrelaterade oh\u00e4lsan hos den japanska befolkningen \u00f6kade dramatiskt under 1980-talet, som det japanska departementet f\u00f6r jordbruk, skogsv\u00e5rd och fiske (<em>Japanese Ministry of Agriculture, Forestry and Fisheries<\/em>), inr\u00e4ttade stora skogsparker f\u00f6r naturbaserad \u00e5terh\u00e4mtning. I samma veva myntades det nya begreppet \u201dSkogsbad\u201d. Ordets originalitet och klang satte metoden p\u00e5 kartan och lockade storstadsbefolkningen att vilja prova p\u00e5. Det var ocks\u00e5 nu som den vetenskapliga forskningen p\u00e5 skogsbadet effekter initierades och det blev vanligare med utbildade skogsbadsguider.<\/p>\n\n\n\n<h3 class=\"wp-block-heading\">Hur g\u00e5r det till?<\/h3>\n\n\n\n<p>Ett skogsbad p\u00e5g\u00e5r vanligen i 2-3 timmar och skiljer sig p\u00e5 flera s\u00e4tt fr\u00e5n en den vanliga naturvandringen i skog o mark. Vi saktar ned v\u00e5rt tempo betydligt och f\u00e5r guidning till upplevelser som \u00f6ppnar v\u00e5ra sinnen, ofta p\u00e5 ett mer ing\u00e5ende s\u00e4tt \u00e4n vanligt. D\u00e5 och d\u00e5 stannar vi upp och samlas f\u00f6r gemensam reflektion. Att stanna upp och dela erfarenheter ger ofta b\u00e5de st\u00f6d och nya infallsvinklar och kan ge&nbsp;en rikare upplevelse utmed vandringen.<\/p>\n\n\n\n<figure class=\"wp-block-gallery has-nested-images columns-default is-cropped wp-block-gallery-1 is-layout-flex wp-block-gallery-is-layout-flex\">\n<figure class=\"wp-block-image size-full is-style-rounded\"><img loading=\"lazy\" decoding=\"async\" width=\"1440\" height=\"1000\" data-id=\"1202\" src=\"https:\/\/www.catharinaantonson.se\/wp-content\/uploads\/2024\/04\/61C15AE6-8390-4231-8C6E-B69208756BB7.jpeg\" alt=\"\" class=\"wp-image-1202\" srcset=\"https:\/\/www.catharinaantonson.se\/wp-content\/uploads\/2024\/04\/61C15AE6-8390-4231-8C6E-B69208756BB7.jpeg 1440w, https:\/\/www.catharinaantonson.se\/wp-content\/uploads\/2024\/04\/61C15AE6-8390-4231-8C6E-B69208756BB7-300x208.jpeg 300w, https:\/\/www.catharinaantonson.se\/wp-content\/uploads\/2024\/04\/61C15AE6-8390-4231-8C6E-B69208756BB7-1024x711.jpeg 1024w, https:\/\/www.catharinaantonson.se\/wp-content\/uploads\/2024\/04\/61C15AE6-8390-4231-8C6E-B69208756BB7-768x533.jpeg 768w\" sizes=\"auto, (max-width: 1440px) 100vw, 1440px\" \/><figcaption class=\"wp-element-caption\">Foto: Catharina Antonson <\/figcaption><\/figure>\n<\/figure>\n\n\n\n<p class=\"has-text-align-center\">Boka din plats under fliken &#8221;Boka h\u00e4r&#8221;  <\/p>\n\n\n\n<p class=\"has-text-align-center\">Skogsbad har vetenskapligen bevisat ge goda h\u00e4lsoeffekter<\/p>\n\n\n\n<figure class=\"wp-block-image size-full\"><img loading=\"lazy\" decoding=\"async\" width=\"749\" height=\"467\" src=\"https:\/\/www.catharinaantonson.se\/wp-content\/uploads\/2024\/02\/808B56D2-3D1D-4673-BF52-F33B749375AF.jpeg\" alt=\"\" class=\"wp-image-1129\" srcset=\"https:\/\/www.catharinaantonson.se\/wp-content\/uploads\/2024\/02\/808B56D2-3D1D-4673-BF52-F33B749375AF.jpeg 749w, https:\/\/www.catharinaantonson.se\/wp-content\/uploads\/2024\/02\/808B56D2-3D1D-4673-BF52-F33B749375AF-300x187.jpeg 300w\" sizes=\"auto, (max-width: 749px) 100vw, 749px\" \/><figcaption class=\"wp-element-caption\">K\u00e4lla: SLU\/Ume\u00e5 universitet<\/figcaption><\/figure>\n\n\n\n<figure class=\"wp-block-image size-full\"><img loading=\"lazy\" decoding=\"async\" width=\"750\" height=\"447\" src=\"https:\/\/www.catharinaantonson.se\/wp-content\/uploads\/2024\/02\/C1D148AB-774C-413A-9381-823D2119A697.jpeg\" alt=\"\" class=\"wp-image-1130\" srcset=\"https:\/\/www.catharinaantonson.se\/wp-content\/uploads\/2024\/02\/C1D148AB-774C-413A-9381-823D2119A697.jpeg 750w, https:\/\/www.catharinaantonson.se\/wp-content\/uploads\/2024\/02\/C1D148AB-774C-413A-9381-823D2119A697-300x179.jpeg 300w\" sizes=\"auto, (max-width: 750px) 100vw, 750px\" \/><figcaption class=\"wp-element-caption\">K\u00e4lla: SLU\/Ume\u00e5 universitet<\/figcaption><\/figure>\n\n\n\n<p>V\u00e4lkommen!<\/p>\n","protected":false},"excerpt":{"rendered":"<p>#Shinrinyoku #Certifieradskogsbadsguide #forestbathing SkogsbadOrdet skogsbad \u00e4r en direkt\u00f6vers\u00e4ttning av den japanska termen Shinrin-Yoku (\u68ee\u6797\u6d74) som betyder att \u201dta in skogsatmosf\u00e4ren med alla sinnen\u201d eller bokstavligen att \u201dskogsbada\u201d. Skogsbad \u00e4r en kombination av mycket l\u00e5ngsam vandring p\u00e5 mjuka stigar i park eller skog, med aktiviteter som kan \u00f6ppna v\u00e5ra sinnen f\u00f6r att uppleva kontakten med naturen [&hellip;]<\/p>\n","protected":false},"author":1,"featured_media":0,"parent":0,"menu_order":0,"comment_status":"closed","ping_status":"closed","template":"","meta":{"footnotes":""},"class_list":["post-79","page","type-page","status-publish","hentry"],"_links":{"self":[{"href":"https:\/\/www.catharinaantonson.se\/index.php?rest_route=\/wp\/v2\/pages\/79","targetHints":{"allow":["GET"]}}],"collection":[{"href":"https:\/\/www.catharinaantonson.se\/index.php?rest_route=\/wp\/v2\/pages"}],"about":[{"href":"https:\/\/www.catharinaantonson.se\/index.php?rest_route=\/wp\/v2\/types\/page"}],"author":[{"embeddable":true,"href":"https:\/\/www.catharinaantonson.se\/index.php?rest_route=\/wp\/v2\/users\/1"}],"replies":[{"embeddable":true,"href":"https:\/\/www.catharinaantonson.se\/index.php?rest_route=%2Fwp%2Fv2%2Fcomments&post=79"}],"version-history":[{"count":27,"href":"https:\/\/www.catharinaantonson.se\/index.php?rest_route=\/wp\/v2\/pages\/79\/revisions"}],"predecessor-version":[{"id":1226,"href":"https:\/\/www.catharinaantonson.se\/index.php?rest_route=\/wp\/v2\/pages\/79\/revisions\/1226"}],"wp:attachment":[{"href":"https:\/\/www.catharinaantonson.se\/index.php?rest_route=%2Fwp%2Fv2%2Fmedia&parent=79"}],"curies":[{"name":"wp","href":"https:\/\/api.w.org\/{rel}","templated":true}]}}