{"id":1100,"date":"2023-12-29T18:25:51","date_gmt":"2023-12-29T18:25:51","guid":{"rendered":"https:\/\/www.catharinaantonson.se\/?page_id=1100"},"modified":"2023-12-31T12:22:57","modified_gmt":"2023-12-31T12:22:57","slug":"bestalla-foton","status":"publish","type":"page","link":"https:\/\/www.catharinaantonson.se\/?page_id=1100","title":{"rendered":"Best\u00e4lla foton"},"content":{"rendered":"\n<p>Alla foton som finns under fliken &#8221;Ber\u00e4ttelse fr\u00e5n skogen&#8221;  kan best\u00e4llas som tavlor. Bilderna trycks p\u00e5 kvalitetspapper i f\u00e4rg eller sv-vitt.<\/p>\n\n\n\n<p>Du kan f\u00e5 bilder i vilka storlekar som du \u00f6nskar, med eller utan ram.<br>Kontakta mig f\u00f6r priser.<\/p>\n\n\n<div class=\"wp-block-image\">\n<figure class=\"alignright size-large is-resized\"><img loading=\"lazy\" decoding=\"async\" width=\"896\" height=\"1024\" src=\"https:\/\/www.catharinaantonson.se\/wp-content\/uploads\/2023\/12\/5BD7BD72-633E-41BB-9804-BEE449A4C48D-896x1024.jpeg\" alt=\"\" class=\"wp-image-1037\" style=\"width:277px;height:auto\" srcset=\"https:\/\/www.catharinaantonson.se\/wp-content\/uploads\/2023\/12\/5BD7BD72-633E-41BB-9804-BEE449A4C48D-896x1024.jpeg 896w, https:\/\/www.catharinaantonson.se\/wp-content\/uploads\/2023\/12\/5BD7BD72-633E-41BB-9804-BEE449A4C48D-262x300.jpeg 262w, https:\/\/www.catharinaantonson.se\/wp-content\/uploads\/2023\/12\/5BD7BD72-633E-41BB-9804-BEE449A4C48D-768x878.jpeg 768w, https:\/\/www.catharinaantonson.se\/wp-content\/uploads\/2023\/12\/5BD7BD72-633E-41BB-9804-BEE449A4C48D-1344x1536.jpeg 1344w, https:\/\/www.catharinaantonson.se\/wp-content\/uploads\/2023\/12\/5BD7BD72-633E-41BB-9804-BEE449A4C48D.jpeg 1440w\" sizes=\"auto, (max-width: 896px) 100vw, 896px\" \/><\/figure>\n<\/div>\n\n\n<p>\u00a9 Catharina Antonson<\/p>\n","protected":false},"excerpt":{"rendered":"<p>Alla foton som finns under fliken &#8221;Ber\u00e4ttelse fr\u00e5n skogen&#8221; kan best\u00e4llas som tavlor. Bilderna trycks p\u00e5 kvalitetspapper i f\u00e4rg eller sv-vitt. Du kan f\u00e5 bilder i vilka storlekar som du \u00f6nskar, med eller utan ram.Kontakta mig f\u00f6r priser. \u00a9 Catharina Antonson<\/p>\n","protected":false},"author":1,"featured_media":0,"parent":0,"menu_order":0,"comment_status":"closed","ping_status":"closed","template":"","meta":{"footnotes":""},"class_list":["post-1100","page","type-page","status-publish","hentry"],"_links":{"self":[{"href":"https:\/\/www.catharinaantonson.se\/index.php?rest_route=\/wp\/v2\/pages\/1100","targetHints":{"allow":["GET"]}}],"collection":[{"href":"https:\/\/www.catharinaantonson.se\/index.php?rest_route=\/wp\/v2\/pages"}],"about":[{"href":"https:\/\/www.catharinaantonson.se\/index.php?rest_route=\/wp\/v2\/types\/page"}],"author":[{"embeddable":true,"href":"https:\/\/www.catharinaantonson.se\/index.php?rest_route=\/wp\/v2\/users\/1"}],"replies":[{"embeddable":true,"href":"https:\/\/www.catharinaantonson.se\/index.php?rest_route=%2Fwp%2Fv2%2Fcomments&post=1100"}],"version-history":[{"count":4,"href":"https:\/\/www.catharinaantonson.se\/index.php?rest_route=\/wp\/v2\/pages\/1100\/revisions"}],"predecessor-version":[{"id":1107,"href":"https:\/\/www.catharinaantonson.se\/index.php?rest_route=\/wp\/v2\/pages\/1100\/revisions\/1107"}],"wp:attachment":[{"href":"https:\/\/www.catharinaantonson.se\/index.php?rest_route=%2Fwp%2Fv2%2Fmedia&parent=1100"}],"curies":[{"name":"wp","href":"https:\/\/api.w.org\/{rel}","templated":true}]}}